- m + 538. What is the greatest common factor of x and p?
27
Suppose p = 4*c - 170, -5*c + 3*p + 205 = -11. Let z(s) = s**2 + 9*s + 756. Let k be z(0). What is the highest common divisor of c and k?
42
Suppose -122 = 3*m - 608. Suppose m = 9*c - 3*c. Calculate the highest common divisor of 243 and c.
27
Suppose x - 73 = -2*u, x - 59 = -33*u + 38*u. What is the highest common factor of 621 and x?
69
Let w = 128 - 128. Suppose 2149*h - 2155*h + 54 = w. Let u = 78 - 6. Calculate the greatest common divisor of u and h.
9
Suppose 115 = 12*l - 7*l. Suppose l = 3*q - 67. Suppose -q = -3*v - 6. Calculate the highest common factor of 6 and v.
2
Suppose 4*w - 4*s + 1625 = -131, 1 = -s. Let x = -395 - w. What is the highest common divisor of x and 270?
45
Let k = 848 - 821. Let n(o) be the second derivative of -o**4/12 + 4*o**3/3 + o**2 - 4*o. Let t be n(7). What is the greatest common divisor of k and t?
9
Suppose 3*i - 222 = -p, -128 = -2*p + 3*i + 325. Let l be 5700/p - (-1)/(6/(-8)). Calculate the greatest common divisor of 3 and l.
3
Suppose -16*g - 200 = -17*g - r, -184 = -g + 3*r. Let j be (208/(-91))/((-10)/35). Calculate the highest common factor of g and j.
4
Let j(x) = x**3 - 14*x**2 - 7*x + 275. Let f be j(13). Suppose 2*c = 5*a + 3*c - 10420, -a - c + 2080 = 0. Calculate the highest common factor of a and f.
15
Let m(j) = 645*j**2 - 5*j - 4. Let c be m(-1). Suppose 178*o + c = 180*o. What is the greatest common factor of o and 19?
19
Let s = 927 - 875. What is the greatest common factor of s and 3484?
52
Let i(l) = 14*l + 66. Let j be 1*(-9 + 4) + 2. Let w be i(j). What is the highest common factor of 9 and w?
3
Let p(a) = -10 + 9*a**2 - 9*a - 18*a**3 + 12 + 17*a**3 + 12. Let n be p(8). Suppose -14*i = -n*i - 200. What is the highest common factor of 5 and i?
5
Suppose -8 = -k - 5. Suppose 0 = -3*m - 3*w - k, 4*w = -3*m - w - 9. Let u be (m/2)/((-4)/(-288)). What is the greatest common factor of 48 and u?
24
Let b be ((-245)/(-70))/((-1)/70*-1). What is the highest common divisor of 45 and b?
5
Let i(h) = -h**3 + 8*h**2 - 5*h + 48. Let k be i(8). Suppose -5*d + 25 = x, -x = -d + 4*x - 21. Calculate the greatest common divisor of k and d.
4
Suppose 3*q - 5*q + 122 = -2*a, q = -2*a + 61. Calculate the highest common factor of 17 and q.
1
Suppose 31 = g + 5. Let k be (-9)/(810/(-20)) + 4226/18. Let t = k - 27. What is the highest common divisor of g and t?
26
Let j(h) = 4*h - 2. Let w be j(-4). Let c = w - -28. Suppose -36 = -36*s + 30*s. Calculate the greatest common divisor of c and s.
2
Suppose -147*l + 60*l + 1740 = 0. What is the greatest common divisor of 610 and l?
10
Let f = 56 - 61. Let h = f - -8. Suppose h*b - 30 = -q, -5*b + 64 = 5*q + 24. What is the greatest common divisor of b and 1?
1
Let w = 208 + -166. Suppose w*i = 2015 - 587. Calculate the highest common divisor of i and 85.
17
Suppose -12*t - 1168 + 1552 = 0. Let k be ((-8)/5)/(2/(-5)). Suppose -4*j + k + 124 = 0. Calculate the highest common factor of t and j.
32
Let u(p) = 3*p**2 - 18*p - 9. Let y be u(9). Let w be (1 - 29/2)*y/(-4). Let d = 28 + -1. What is the greatest common factor of d and w?
27
Let k(r) = 3*r**2 - 7*r + 4. Let y be k(4). Suppose 1027 = 397*c - 48995. Calculate the greatest common divisor of y and c.
6
Let s = 151 + 49. Let z(x) = -x**2 - 42*x + 424. Let h be z(-50). Calculate the greatest common divisor of h and s.
8
Let r be -21*((-50)/15 - -2). Suppose -29*g = -r*g - 12. Calculate the highest common divisor of g and 36.
12
Suppose 12*i = i + 44. Let b be (-427)/(-49) - i/(-14). Suppose -5*m + 10 = -5*j, -3*j = -4*j + 4. What is the highest common divisor of b and m?
3
Let f(m) = 2*m**2 - 15*m - 23. Let o be f(-4). Let q = o + -9. Calculate the greatest common divisor of 60 and q.
60
Let w = -216 + 214. Let i be (-2 + -4)/((-36)/60) - w. Let l = -70 - -106. What is the highest common divisor of l and i?
12
Let x = -205 + 207. Let j be ((-11)/x)/11*-330. Calculate the highest common factor of j and 105.
15
Let r = 89 - 21. Let w be r/(-4*(-5)/10). Suppose 342 - 2 = 4*m. Calculate the highest common divisor of w and m.
17
Let i = -11 - -44. Let h = i - 3. Suppose -331*o + 249*o + 114750 = 683*o. What is the highest common factor of o and h?
30
Let n be 166/(-2656) - (6498/(-32) - 1). What is the highest common divisor of 6868 and n?
68
Let h be -77*(16/28)/(-2). Suppose d - 33 = h. What is the highest common divisor of 11 and d?
11
Let m = -171 - -239. Let z be m + (-7 - (-20)/(0 - -4)). What is the greatest common divisor of 66 and z?
66
Let b(c) = -c**3 - 13*c**2 + 19*c + 213. Let w be b(-15). What is the highest common divisor of w and 486?
54
Let t be (-124496)/(-18) - 1/(108/48). Calculate the highest common factor of 312 and t.
52
Let g = 14 - 17. Let i be ((-4 + 0)/4)/(g/117). What is the greatest common divisor of i and 312?
39
Let n be ((-4)/5)/(-33 - (-4120)/125). What is the highest common factor of n and 14640?
20
Suppose 23 = 2*k + 379. Let i = -14 - k. Suppose -i + 52 = -2*j. Calculate the greatest common factor of j and 7.
7
Let l be 9 + (218 - -1 - 0). Calculate the highest common factor of 969 and l.
57
Let v = -4739 + 6699. Suppose -26*n + 19*n + v = 0. What is the highest common divisor of n and 112?
56
Let b(j) = 1156*j - 21093. Let v be b(19). Let o = 11 + 56. Calculate the highest common divisor of o and v.
67
Suppose 2*v + 1217 = -3*o + 7918, -5*o + 11159 = v. What is the greatest common divisor of 23 and o?
23
Suppose 0 = -q - 6*l + 6144, 492*l - 496*l + 12248 = 2*q. Calculate the greatest common factor of 12 and q.
6
Let r(y) = -2*y**3 + 16*y**2 + 3*y - 20. Let z be r(8). Suppose 0 = -z*q - 2*g + 22, 4*q - 2*g + 0 - 10 = 0. What is the greatest common factor of 20 and q?
4
Suppose 2*s = 2*g + 14, 36 = -2*g - 3*s - 3. Let q be (-6)/g - 42/(-4). Calculate the highest common factor of q and 198.
11
Let r be (-2)/2 - 1/(10/60). Let n be 68*((-5)/(-14) + (-1)/r). Calculate the greatest common divisor of n and 272.
34
Let z(u) = 5*u - 11. Let x be z(3). Suppose -x*k = 70 - 82. Calculate the highest common divisor of k and 141.
3
Let n = 1043 + -516. What is the greatest common factor of 31 and n?
31
Let w be ((-534)/(-445))/((-4)/(-390)). Calculate the greatest common divisor of 1287 and w.
117
Let y(q) = 5*q**3 - 7*q**2 + 8*q + 14. Let p be y(7). Suppose 8*g - 6430 = p. Let u be 3/(-9) + 1 + g/9. What is the highest common divisor of 275 and u?
55
Suppose 0 = -h - 2*g + 3*g + 89, g - 1 = 0. Let a(f) = 2*f**3 - 8*f**2 + f + 6. Let c be a(4). Calculate the highest common factor of c and h.
10
Suppose z = 5*z - 12. Suppose 252 - 112 = 4*s. Suppose 5*c - s = 2*u - 11, 0 = 5*u + 10. Calculate the highest common divisor of z and c.
1
Let r(j) = 61*j + 1. Let d be r(5). Let y(z) = -3*z**2 + 235*z - 3691. Let t be y(22). Calculate the highest common divisor of d and t.
9
Let u be (0 + 40/2)/(17/((-459)/(-54))). Calculate the greatest common divisor of u and 1045.
5
Let l(g) = -g**2 - g + 20*g**3 + 65 - 135 + 80. Let n be l(2). Calculate the greatest common divisor of n and 4.
4
Let z = -31719 - -31769. What is the highest common divisor of 35600 and z?
50
Let z be 25 + 1 + 7749/(-369). Suppose 0 = -4*p + 15 + 5. Suppose -y - 46 = -p*r - 2*y, 3*r - 10 = -5*y. What is the greatest common factor of z and r?
5
Let d be (22328 - 3/1) + -52 + 41. What is the greatest common divisor of d and 6?
6
Let b = -550 + 267. Let t = -235 - b. What is the highest common factor of 276 and t?
12
Let d = 70 + -55. Suppose -2*y + d = -5*y. Let v(r) = -48*r + 3. Let z be v(y). What is the greatest common factor of z and 27?
27
Let z = 79 - 43. Suppose 2*h + 6 = z. Calculate the highest common divisor of h and 285.
15
Suppose -5*w - 1093 = -2913. Suppose -16*p = -w - 308. Calculate the greatest common factor of 56 and p.
14
Let w be ((-16)/12 - -2)*9*2. Suppose -w*z + 18 = -3*z. Suppose 69 = g - 5*r, -z*g + 5*r = 3*g - 405. What is the highest common factor of 12 and g?
12
Let u be ((-325)/260)/(15/(-936)). What is the highest common factor of u and 47346?
78
Suppose 0 = -5*j - 9*c + 8*c + 6202, -4*c + 12388 = 10*j. Calculate the highest common divisor of j and 2622.
138
Let m be (-6174)/(-245) - (-1)/(-5). Suppose -4*z = -z + 15, 3*z = -2*o + m. What is th